lculate the greatest common factor of 22 and u.
22
Let y be 6/(-27) + 47/9. Suppose -y*d = -2*q - 40, -4*q + 9*q = 5*d - 40. What is the greatest common divisor of 8 and d?
8
Suppose -3*x - 71 = -3*g - 23, 74 = 5*g - 2*x. Suppose 2*h - 32 = -4. Calculate the greatest common divisor of g and h.
14
Suppose 6*q - 42 = 198. Calculate the highest common divisor of 20 and q.
20
Let r = -8 - -28. Calculate the greatest common divisor of r and 5.
5
Let a = -13 + 6. Let r(i) = -4*i**2 - 5 - 5*i**2 + 11*i**2 + 4*i - i**2. Let y be r(a). Calculate the greatest common factor of 2 and y.
2
Let h(a) = a**2 - 4*a. Let o be h(3). Let f be (o/(-2))/(8/48). Calculate the highest common divisor of 54 and f.
9
Let q = 131 - 54. Calculate the greatest common factor of 7 and q.
7
Suppose 3*v + 9 = 0, -7*i + 2*i = v - 32. Calculate the greatest common factor of 28 and i.
7
Suppose -3*o - s = -18, 0*o + 17 = o + 4*s. Let z(r) = -2*r**3 + r**2. Let b be z(-1). Let u be o - (b - 2)*-1. What is the greatest common divisor of u and 66?
6
Let a be (9 - (-4)/(-2)) + -2. Suppose a*v = 4*x - 40, 24 = 4*x - 2*v + v. Suppose -3*h + x = -2*h. Calculate the highest common factor of h and 40.
5
Suppose 2*b - 6*b = 0. Let q(u) = 5*u + 34. Let t(p) = 11*p + 69. Let k(v) = 13*q(v) - 6*t(v). Let c be k(b). What is the greatest common factor of 70 and c?
14
Let l(r) = r**3 - 3*r**2 - 3*r - 2. Let z be l(5). What is the highest common factor of 264 and z?
33
Let w be (15/(-6))/((-13)/6 - -2). Calculate the highest common divisor of w and 3.
3
Suppose 11*b - 35 = 6*b. Suppose 3 = -4*v + 5*v. Suppose 13 - 97 = -v*a. Calculate the highest common factor of b and a.
7
Suppose -4*o - o = -260. Calculate the highest common factor of o and 39.
13
Let k = -64 - -95. Suppose -k = -3*t + 242. Calculate the highest common divisor of t and 13.
13
Let h = 152 + -96. Calculate the greatest common divisor of h and 7.
7
Let p(w) = w**3 - w**2 + 3*w - 5. Let h be p(2). Let a(l) = -l**3 + l**2 - l + 2. Let d be a(0). What is the highest common divisor of h and d?
1
Suppose -4*b + 46 + 26 = 0. Let q(d) = -d**2 + 9*d - 5. Let l be q(7). Calculate the highest common divisor of b and l.
9
Let f be (2 - 0)*(-48)/(-32). What is the highest common divisor of 9 and f?
3
Suppose 0 = -m + 5*c + 26, -8*m - 4*c = -3*m - 14. What is the highest common factor of m and 6?
6
Let m be (78/(-4))/((-33)/44). What is the highest common factor of m and 182?
26
Let m be (-13)/(39/(-18)) + (0 - 0). What is the greatest common factor of m and 6?
6
Let w be (34/8 + -3)*4. Suppose -5*l = 0, -2*l = -w*n + 81 + 14. Calculate the highest common factor of 95 and n.
19
Let t(u) = -10*u - 58. Let h be t(-12). What is the highest common factor of h and 620?
62
Suppose 0 + 5 = 5*h. Suppose h + 14 = 5*a. Suppose 8*n - a*n = 20. What is the greatest common divisor of n and 32?
4
Let n be (6/5)/((-6)/(-45)). Calculate the highest common factor of n and 81.
9
Let w(k) = 5*k**2 + 4*k + 2. Let z be w(-2). Let h = -2 - -7. Suppose -h*y + 156 = -54. What is the highest common factor of z and y?
14
Suppose 9*k - 165 = 4*k. Let a = 0 + k. What is the highest common divisor of 3 and a?
3
Suppose -u + 3 = 2*g - 6*u, -5*u = -5*g + 30. Calculate the greatest common divisor of g and 81.
9
Suppose 0 = -3*z + 3*x - 63, -z - 4*x - 33 = -2*x. Let j = -21 + -16. Let u = z - j. Calculate the highest common divisor of 24 and u.
12
Let r = 5 + 21. Let z be (-260)/(-8)*32/5. What is the highest common factor of r and z?
26
Suppose -5*j = 10, 0 = -3*k + 2*j + 164 - 13. Suppose 11 + k = 4*i. Calculate the greatest common divisor of 6 and i.
3
Let u = -13 + 50. Suppose l - 3*f = 10, 6*l - 2*f = l + u. Let m be 56/(-12)*(-18)/l. What is the highest common divisor of 84 and m?
12
Let z be (-18)/14 + 2/7. Let h be 1*(8 - (-3 - z)). Calculate the greatest common factor of h and 10.
10
Suppose -33*n - 7 = -34*n. What is the greatest common factor of n and 77?
7
Let q be (-3 + 4)*1*3. Suppose -q*h - 2*h + 80 = 0. Calculate the highest common divisor of h and 16.
16
Suppose g + 5 = 2*g - 2*z, 3*z - 20 = -4*g. Suppose 0 = -3*o - 0*d + 4*d + 36, g*o - 3*d = 60. Calculate the highest common divisor of o and 12.
12
Suppose 2*z - 2*d = -0 + 104, -240 = -4*z - 4*d. What is the highest common divisor of 8 and z?
8
Let u = 92 + -63. Calculate the greatest common divisor of 232 and u.
29
Suppose 7*x = 6*x + 22. What is the greatest common factor of x and 2?
2
Suppose 8*s - 140 = 4*s. Let k = -13 + 33. Let o = s + k. Calculate the highest common divisor of o and 5.
5
Let x be (1 + -80 - -1)*(4 - 5). Calculate the greatest common factor of 6 and x.
6
Let s(f) = 10*f + 2. Let p be s(13). What is the highest common divisor of 33 and p?
33
Suppose -19*q - 48 = -20*q. What is the highest common divisor of q and 12?
12
Suppose p + l - 4 = 0, -3*l + 8 = -1. Let f be 9891/36 - p/(-4). Calculate the highest common divisor of f and 25.
25
Let g be (0 + 108/14)/((-15)/(-105)). Calculate the greatest common factor of 216 and g.
54
Suppose -4*b + 8 = 128. Let f = 50 + b. Calculate the highest common divisor of 5 and f.
5
Let l be 372/(-18)*(2 - 5). Let t = -32 + l. What is the greatest common factor of t and 10?
10
Let s(h) = h - 4. Let f = 1 - -4. Let l be s(f). What is the highest common divisor of 8 and l?
1
Let m(z) = z**2 + 8*z + 8. Let k be m(-8). What is the greatest common factor of k and 32?
8
Let u(m) = 19*m - 18. Let g be u(5). What is the greatest common divisor of g and 7?
7
Let b = 6 + -4. Suppose 2*w - i - 78 = 0, -w + b*i = -i - 44. What is the highest common factor of w and 95?
19
Suppose 0 = 4*b - 2*l - 536, -b - 3*l = -0*b - 127. What is the highest common factor of b and 19?
19
Suppose -3*j + 2*j + 28 = 0. Let q be 6/(9/(-11) + 1). Let k be q/9 - 1/(-3). What is the highest common factor of k and j?
4
Let m = -15 - -24. Let f be 19/(3/(m/3)). What is the greatest common divisor of 171 and f?
19
Suppose -3*n = -10 + 1. Let v be (-6)/3 - -3 - -2. Suppose 48 = v*w + n. Calculate the greatest common factor of w and 75.
15
Let q = 4 + -5. Let x = 66 + q. Let l = 0 + 13. Calculate the greatest common divisor of l and x.
13
Let v(s) = 4*s - 1. Let h be v(1). Suppose 0 = h*w - 0*w - 18. Calculate the highest common factor of w and 24.
6
Let j(m) = -m + 2. Let d be j(7). Let r = d + -5. Let c = r + 23. What is the highest common factor of c and 91?
13
Suppose 4*f - 58 = 2*x, 0*x - 2*x = 4*f - 46. Calculate the greatest common divisor of f and 143.
13
Suppose -2*t = t - 9. Suppose -t = -w + 1. Suppose r = 4*r - 48. Calculate the greatest common divisor of r and w.
4
Suppose 361 = 4*k + 137. What is the greatest common divisor of 7 and k?
7
Let t(u) = -u - 3. Let j be t(-4). Let s be 5/(-25) + j/5. Suppose 4*x + p + s*p = 245, 4*x - 2*p = 230. What is the highest common divisor of x and 15?
15
Let l(o) = -o**2 - 19*o. Let q be l(-10). What is the highest common factor of q and 10?
10
Suppose -5*a + 36 = -99. Calculate the greatest common divisor of 189 and a.
27
Let s(q) = 11*q - 1. Let x be s(5). Calculate the highest common factor of 81 and x.
27
Let j be (0 + -66)/(24/(-12)). What is the greatest common divisor of j and 3?
3
Suppose -8*b + 4*b - 112 = -m, m - b - 124 = 0. Let k(n) = 4*n + 4. Let i be k(3). What is the greatest common factor of m and i?
16
Suppose -2*p + 3*i = 4*i - 8, -5*i = 3*p - 19. Let o(z) = -3*z - 2 - 3 + 1 + 2*z + 3*z**2. Let u be o(p). Calculate the greatest common factor of u and 50.
10
Suppose -3*q + 82 + 17 = 0. What is the highest common factor of 22 and q?
11
Suppose 31 + 29 = 3*c. Let b be (0 - -3 - 2) + c. Let h be (0 + 18/b)*14. What is the highest common factor of 6 and h?
6
Suppose -17 = -2*y + 23. Let g(p) = p**3 + 11*p**2 - 27*p - 3. Let k be g(-13). Calculate the highest common divisor of k and y.
10
Let c = 95 + -45. What is the greatest common divisor of c and 250?
50
Let c be 0 + 0 - (-3 + -4). Suppose -g = -1 - 6. What is the highest common factor of c and g?
7
Suppose 5*s + 32 = 107. Calculate the greatest common divisor of 3 and s.
3
Let w be 2 - 1 - (2 - 5). Let p = 8 - w. Suppose z + 1 = p. What is the greatest common divisor of z and 12?
3
Let m(o) = -o**2 + 13*o + 10. Suppose -5*d = -d - 48. Let s be m(d). What is the greatest com